{"id":119965,"date":"2023-03-05T21:06:48","date_gmt":"2023-03-05T19:06:48","guid":{"rendered":"https:\/\/www.thegfrecipes.com\/recipe\/quesadilla-sans-gluten\/"},"modified":"2023-10-04T15:06:42","modified_gmt":"2023-10-04T13:06:42","slug":"quesadilla-sans-gluten","status":"publish","type":"osetin_recipe","link":"https:\/\/www.thegfrecipes.com\/fr\/recette\/quesadilla-sans-gluten\/","title":{"rendered":"Quesadilla"},"content":{"rendered":"\n<h4 class=\"wp-block-heading has-text-align-center\">Pour commencer avec cette quesadilla sans gluten, vous aurez besoin des ingr\u00e9dients suivants:<\/h4>\n\n<figure class=\"wp-block-image size-large\"><img loading=\"lazy\" decoding=\"async\" width=\"1024\" height=\"615\" src=\"https:\/\/www.thegfrecipes.com\/wp-content\/uploads\/2023\/03\/IMG_20210525_003142-1024x615.jpg\" alt=\"\" class=\"wp-image-49822\" srcset=\"https:\/\/www.thegfrecipes.com\/wp-content\/uploads\/2023\/03\/IMG_20210525_003142-1024x615.jpg 1024w, https:\/\/www.thegfrecipes.com\/wp-content\/uploads\/2023\/03\/IMG_20210525_003142-300x180.jpg 300w, https:\/\/www.thegfrecipes.com\/wp-content\/uploads\/2023\/03\/IMG_20210525_003142-768x461.jpg 768w, https:\/\/www.thegfrecipes.com\/wp-content\/uploads\/2023\/03\/IMG_20210525_003142-1536x922.jpg 1536w, https:\/\/www.thegfrecipes.com\/wp-content\/uploads\/2023\/03\/IMG_20210525_003142-2048x1230.jpg 2048w, https:\/\/www.thegfrecipes.com\/wp-content\/uploads\/2023\/03\/IMG_20210525_003142-500x300.jpg 500w, https:\/\/www.thegfrecipes.com\/wp-content\/uploads\/2023\/03\/IMG_20210525_003142-1300x781.jpg 1300w\" sizes=\"auto, (max-width: 1024px) 100vw, 1024px\" \/><\/figure>\n\n<div style=\"height:9px\" aria-hidden=\"true\" class=\"wp-block-spacer\"><\/div>\n\n<figure class=\"wp-block-image size-large\"><img loading=\"lazy\" decoding=\"async\" width=\"1024\" height=\"469\" src=\"https:\/\/www.thegfrecipes.com\/wp-content\/uploads\/2023\/03\/IMG_20210525_003738-1024x469.jpg\" alt=\"\" class=\"wp-image-49828\" srcset=\"https:\/\/www.thegfrecipes.com\/wp-content\/uploads\/2023\/03\/IMG_20210525_003738-1024x469.jpg 1024w, https:\/\/www.thegfrecipes.com\/wp-content\/uploads\/2023\/03\/IMG_20210525_003738-300x138.jpg 300w, https:\/\/www.thegfrecipes.com\/wp-content\/uploads\/2023\/03\/IMG_20210525_003738-768x352.jpg 768w, https:\/\/www.thegfrecipes.com\/wp-content\/uploads\/2023\/03\/IMG_20210525_003738-1536x704.jpg 1536w, https:\/\/www.thegfrecipes.com\/wp-content\/uploads\/2023\/03\/IMG_20210525_003738-2048x939.jpg 2048w, https:\/\/www.thegfrecipes.com\/wp-content\/uploads\/2023\/03\/IMG_20210525_003738-500x229.jpg 500w\" sizes=\"auto, (max-width: 1024px) 100vw, 1024px\" \/><\/figure>\n","protected":false},"excerpt":{"rendered":"<p>Ce d\u00e9licieux plat est pr\u00e9par\u00e9 avec une saucisse savoureuse, du fromage fondant et des \u00e9pices savoureuses, le tout envelopp\u00e9 dans une tortilla chaude et croustillante. Servez-le avec vos garnitures pr\u00e9f\u00e9r\u00e9es et d\u00e9gustez-le au petit-d\u00e9jeuner, au d\u00e9jeuner ou au d\u00eener. <\/p>\n","protected":false},"author":2,"featured_media":114631,"comment_status":"open","ping_status":"closed","template":"","format":"standard","categories":[2008],"recipe_feature":[1907],"recipe_ingredient":[1652,1677,1680,1858,1686,1842,1780,1733,1808,1857,368,1868,1869,1870,1873,1660,1889,1798,1801,1765,1761],"recipe_cuisine":[1930],"class_list":["post-119965","osetin_recipe","type-osetin_recipe","status-publish","format-standard","has-post-thumbnail","hentry","category-dejeuner","recipe_feature-sans-gluten","recipe_ingredient-avocats","recipe_ingredient-beurre","recipe_ingredient-carotte","recipe_ingredient-champignons-fr","recipe_ingredient-fromage-cheddar","recipe_ingredient-citron-vert","recipe_ingredient-creme-fraiche","recipe_ingredient-emmental-fr","recipe_ingredient-gousses-dail","recipe_ingredient-mozzarella-fr","recipe_ingredient-oignon","recipe_ingredient-poivre","recipe_ingredient-parmesan-fr","recipe_ingredient-persil","recipe_ingredient-poivre-fr","recipe_ingredient-poivre-jaune","recipe_ingredient-poivron-rouge","recipe_ingredient-saucisses-semi-fumees","recipe_ingredient-sel","recipe_ingredient-tomates-fr","recipe_ingredient-tortillas-fr","recipe_cuisine-mexico-fr"],"acf":{"sub_title":"","acf_featured_image":null,"recipe_category":[2008],"recipe_cuisine":[1930],"recipe_features":[1907],"layout_type_for_single_recipe":"default","custom_image_for_header":null,"recipe_details_position":"default","quick_description":"Ce d\u00e9licieux plat est pr\u00e9par\u00e9 avec une saucisse savoureuse, du fromage fondant et des \u00e9pices savoureuses, le tout envelopp\u00e9 dans une tortilla chaude et croustillante. Servez-le avec vos garnitures pr\u00e9f\u00e9r\u00e9es et d\u00e9gustez-le au petit-d\u00e9jeuner, au d\u00e9jeuner ou au d\u00eener. ","recipe_serves":"5","recipe_difficulty":"2","recipe_preparation_time":"10 min","recipe_just_cooking_time":"30 min","recipe_cooking_time":"40 min","recipe_cooking_temperature":"","searchable_ingredients":true,"ingredients":[{"ingredient_obj":53,"ingredient_name":"","ingredient_amount":"50 g","ingredient_note":"","separator":false,"custom_link":""},{"ingredient_obj":68,"ingredient_name":"","ingredient_amount":"3","ingredient_note":"","separator":false,"custom_link":""},{"ingredient_obj":206,"ingredient_name":"","ingredient_amount":"1","ingredient_note":"","separator":false,"custom_link":""},{"ingredient_obj":70,"ingredient_name":"","ingredient_amount":"1","ingredient_note":"","separator":false,"custom_link":""},{"ingredient_obj":209,"ingredient_name":"","ingredient_amount":"1 ","ingredient_note":"hach\u00e9","separator":false,"custom_link":""},{"ingredient_obj":211,"ingredient_name":"","ingredient_amount":"300 g","ingredient_note":"coup\u00e9s en petites tranches","separator":false,"custom_link":""},{"ingredient_obj":212,"ingredient_name":"","ingredient_amount":"1 & 1\/2 ","ingredient_note":"hach\u00e9","separator":false,"custom_link":""},{"ingredient_obj":43,"ingredient_name":"","ingredient_amount":"1 & 1\/2 cuill\u00e8re \u00e0 caf\u00e9","ingredient_note":"","separator":false,"custom_link":""},{"ingredient_obj":182,"ingredient_name":"","ingredient_amount":"1 & 1\/2 cuill\u00e8re \u00e0 caf\u00e9","ingredient_note":"","separator":false,"custom_link":""},{"ingredient_obj":148,"ingredient_name":"","ingredient_amount":"50 g","ingredient_note":"","separator":false,"custom_link":""},{"ingredient_obj":213,"ingredient_name":"","ingredient_amount":"100 g","ingredient_note":"","separator":false,"custom_link":""},{"ingredient_obj":214,"ingredient_name":"","ingredient_amount":"100 g","ingredient_note":"","separator":false,"custom_link":""},{"ingredient_obj":215,"ingredient_name":"","ingredient_amount":"100 g","ingredient_note":"","separator":false,"custom_link":""},{"ingredient_obj":217,"ingredient_name":"","ingredient_amount":"100 g","ingredient_note":"","separator":false,"custom_link":""},{"ingredient_obj":219,"ingredient_name":"","ingredient_amount":"1 cuill\u00e8re \u00e0 caf\u00e9","ingredient_note":"","separator":false,"custom_link":""},{"ingredient_obj":220,"ingredient_name":"","ingredient_amount":"5 ","ingredient_note":"","separator":false,"custom_link":""},{"ingredient_obj":43,"ingredient_name":"","ingredient_amount":"1 cuill\u00e8re \u00e0 caf\u00e9","ingredient_note":"","separator":false,"custom_link":""},{"ingredient_obj":182,"ingredient_name":"Guacamole","ingredient_amount":"1 cuill\u00e8re \u00e0 caf\u00e9","ingredient_note":"","separator":false,"custom_link":""},{"ingredient_obj":208,"ingredient_name":"Guacamole","ingredient_amount":"3","ingredient_note":"","separator":true,"custom_link":""},{"ingredient_obj":208,"ingredient_name":"","ingredient_amount":"3","ingredient_note":"","separator":false,"custom_link":""},{"ingredient_obj":153,"ingredient_name":"","ingredient_amount":"1\/2  ","ingredient_note":"finement hach\u00e9","separator":false,"custom_link":""},{"ingredient_obj":212,"ingredient_name":"","ingredient_amount":"2 ","ingredient_note":"pulpe seulement","separator":false,"custom_link":""},{"ingredient_obj":59,"ingredient_name":"","ingredient_amount":"2","ingredient_note":"hach\u00e9","separator":false,"custom_link":""},{"ingredient_obj":180,"ingredient_name":"","ingredient_amount":"1 brin","ingredient_note":"hach\u00e9","separator":false,"custom_link":""},{"ingredient_obj":43,"ingredient_name":"","ingredient_amount":"1 cuill\u00e8re \u00e0 caf\u00e9","ingredient_note":"","separator":false,"custom_link":""},{"ingredient_obj":105,"ingredient_name":"","ingredient_amount":"1 ","ingredient_note":"jus uniquement","separator":false,"custom_link":""}],"steps":[{"step_title":"","step_duration":"","step_description":"Faire fondre le beurre dans une grande casserole, ajouter les champignons, les poivrons et la carotte. Au bout de 2 minutes, ajouter les saucisses et les tomates, assaisonner de sel et de poire. Frire pendant 5 minutes.  ","step_images":[114655,114661,114667],"step_has_images":true},{"step_title":"","step_duration":"","step_description":"M\u00e9langer la cr\u00e8me avec le fromage, la mozzarella, le parmesan et l'emmental dans un bol. Ajouter le m\u00e9lange frit et assaisonner avec du sel, du poivre et du paprika. M\u00e9langer avec une cuill\u00e8re en bois.  ","step_images":[114673,114679],"step_has_images":true},{"step_title":"","step_duration":"","step_description":"Essuyez la po\u00eale et faites-la chauffer jusqu'\u00e0 ce qu'elle soit chaude. Ajoutez un b\u00e2ton et \u00e9talez 2-3 cuill\u00e8res \u00e0 soupe du m\u00e9lange sur la moiti\u00e9 de celui-ci. Replier la moiti\u00e9 vide sur la pleine, appuyer l\u00e9g\u00e8rement pour la refermer et cuire 2 minutes de chaque c\u00f4t\u00e9, jusqu'\u00e0 ce qu'elle devienne croustillante et que le fromage commence \u00e0 fondre.  ","step_images":[114685,114691],"step_has_images":true},{"step_title":"","step_duration":"","step_description":"Placer les cubes d'avocat dans un bol l\u00e9g\u00e8rement profond. Ecraser l\u00e9g\u00e8rement \u00e0 la fourchette. Incorporer d\u00e9licatement le reste des ingr\u00e9dients en m\u00e9langeant le tout. Pressez le jus de citron vert, assaisonnez et servez imm\u00e9diatement avec la quesadilla.   ","step_images":[114697,114703,114649],"step_has_images":true}],"nutritions":[{"nutrition_name":"Calories","nutrition_value":"785 calories","nutrition_extra_info":"","google_rich_meta_field":false},{"nutrition_name":"Graisses","nutrition_value":"56.8 g","nutrition_extra_info":"","google_rich_meta_field":false},{"nutrition_name":"Glucides","nutrition_value":"68.3 g","nutrition_extra_info":"","google_rich_meta_field":false},{"nutrition_name":"Prot\u00e9ines","nutrition_value":"35.8 g","nutrition_extra_info":"","google_rich_meta_field":false}],"show_selected_posts_as_relative":[5617,859,5578,5853,5455],"show_featured_recipes_slider":false,"featured_recipes":null,"featured_recipes_background_image":null,"featured_recipes_layout_type":"mixed","make_featured_recipes_fixed_width":false,"background_image":null,"background_image_size":"default","parallax_background":"default","enable_custom_header_settings":false,"top_menu_type":"version_1","logo_image":null,"logo_image_width":210},"related_recipe_ids":[5617,859,5578,5853,5455],"default_slug":"gluten-free-quesadilla","_links":{"self":[{"href":"https:\/\/www.thegfrecipes.com\/fr\/wp-json\/wp\/v2\/osetin_recipe\/119965","targetHints":{"allow":["GET"]}}],"collection":[{"href":"https:\/\/www.thegfrecipes.com\/fr\/wp-json\/wp\/v2\/osetin_recipe"}],"about":[{"href":"https:\/\/www.thegfrecipes.com\/fr\/wp-json\/wp\/v2\/types\/osetin_recipe"}],"author":[{"embeddable":true,"href":"https:\/\/www.thegfrecipes.com\/fr\/wp-json\/wp\/v2\/users\/2"}],"replies":[{"embeddable":true,"href":"https:\/\/www.thegfrecipes.com\/fr\/wp-json\/wp\/v2\/comments?post=119965"}],"acf:post":[{"embeddable":true,"href":"https:\/\/www.thegfrecipes.com\/fr\/wp-json\/wp\/v2\/osetin_recipe\/5455"},{"embeddable":true,"href":"https:\/\/www.thegfrecipes.com\/fr\/wp-json\/wp\/v2\/osetin_recipe\/5853"},{"embeddable":true,"href":"https:\/\/www.thegfrecipes.com\/fr\/wp-json\/wp\/v2\/osetin_recipe\/5578"},{"embeddable":true,"href":"https:\/\/www.thegfrecipes.com\/fr\/wp-json\/wp\/v2\/osetin_recipe\/859"},{"embeddable":true,"href":"https:\/\/www.thegfrecipes.com\/fr\/wp-json\/wp\/v2\/osetin_recipe\/5617"}],"acf:term":[{"embeddable":true,"taxonomy":"recipe_feature","href":"https:\/\/www.thegfrecipes.com\/fr\/wp-json\/wp\/v2\/recipe_feature\/1907"},{"embeddable":true,"taxonomy":"recipe_cuisine","href":"https:\/\/www.thegfrecipes.com\/fr\/wp-json\/wp\/v2\/recipe_cuisine\/1930"},{"embeddable":true,"taxonomy":"category","href":"https:\/\/www.thegfrecipes.com\/fr\/wp-json\/wp\/v2\/categories\/2008"}],"wp:featuredmedia":[{"embeddable":true,"href":"https:\/\/www.thegfrecipes.com\/fr\/wp-json\/wp\/v2\/media\/114631"}],"wp:attachment":[{"href":"https:\/\/www.thegfrecipes.com\/fr\/wp-json\/wp\/v2\/media?parent=119965"}],"wp:term":[{"taxonomy":"category","embeddable":true,"href":"https:\/\/www.thegfrecipes.com\/fr\/wp-json\/wp\/v2\/categories?post=119965"},{"taxonomy":"recipe_feature","embeddable":true,"href":"https:\/\/www.thegfrecipes.com\/fr\/wp-json\/wp\/v2\/recipe_feature?post=119965"},{"taxonomy":"recipe_ingredient","embeddable":true,"href":"https:\/\/www.thegfrecipes.com\/fr\/wp-json\/wp\/v2\/recipe_ingredient?post=119965"},{"taxonomy":"recipe_cuisine","embeddable":true,"href":"https:\/\/www.thegfrecipes.com\/fr\/wp-json\/wp\/v2\/recipe_cuisine?post=119965"}],"curies":[{"name":"wp","href":"https:\/\/api.w.org\/{rel}","templated":true}]}}

<h4 class="wp-block-heading has-text-align-center">Pour commencer avec cette quesadilla sans gluten, vous aurez besoin des ingrédients suivants:</h4>

<figure class="wp-block-image size-large"><img loading="lazy" decoding="async" width="1024" height="615" src="https://www.thegfrecipes.com/wp-content/uploads/2023/03/IMG_20210525_003142-1024x615.jpg" alt="" class="wp-image-49822" srcset="https://www.thegfrecipes.com/wp-content/uploads/2023/03/IMG_20210525_003142-1024x615.jpg 1024w, https://www.thegfrecipes.com/wp-content/uploads/2023/03/IMG_20210525_003142-300x180.jpg 300w, https://www.thegfrecipes.com/wp-content/uploads/2023/03/IMG_20210525_003142-768x461.jpg 768w, https://www.thegfrecipes.com/wp-content/uploads/2023/03/IMG_20210525_003142-1536x922.jpg 1536w, https://www.thegfrecipes.com/wp-content/uploads/2023/03/IMG_20210525_003142-2048x1230.jpg 2048w, https://www.thegfrecipes.com/wp-content/uploads/2023/03/IMG_20210525_003142-500x300.jpg 500w, https://www.thegfrecipes.com/wp-content/uploads/2023/03/IMG_20210525_003142-1300x781.jpg 1300w" sizes="auto, (max-width: 1024px) 100vw, 1024px" /></figure>

<div style="height:9px" aria-hidden="true" class="wp-block-spacer"></div>

<figure class="wp-block-image size-large"><img loading="lazy" decoding="async" width="1024" height="469" src="https://www.thegfrecipes.com/wp-content/uploads/2023/03/IMG_20210525_003738-1024x469.jpg" alt="" class="wp-image-49828" srcset="https://www.thegfrecipes.com/wp-content/uploads/2023/03/IMG_20210525_003738-1024x469.jpg 1024w, https://www.thegfrecipes.com/wp-content/uploads/2023/03/IMG_20210525_003738-300x138.jpg 300w, https://www.thegfrecipes.com/wp-content/uploads/2023/03/IMG_20210525_003738-768x352.jpg 768w, https://www.thegfrecipes.com/wp-content/uploads/2023/03/IMG_20210525_003738-1536x704.jpg 1536w, https://www.thegfrecipes.com/wp-content/uploads/2023/03/IMG_20210525_003738-2048x939.jpg 2048w, https://www.thegfrecipes.com/wp-content/uploads/2023/03/IMG_20210525_003738-500x229.jpg 500w" sizes="auto, (max-width: 1024px) 100vw, 1024px" /></figure>

<p>Ce délicieux plat est préparé avec une saucisse savoureuse, du fromage fondant et des épices savoureuses, le tout enveloppé dans une tortilla chaude et croustillante. Servez-le avec vos garnitures préférées et dégustez-le au petit-déjeuner, au déjeuner ou au dîner. </p>

Ce délicieux plat est préparé avec une saucisse savoureuse, du fromage fondant et des épices savoureuses, le tout enveloppé dans une tortilla chaude et croustillante. Servez-le avec vos garnitures préférées et dégustez-le au petit-déjeuner, au déjeuner ou au dîner.

haché

coupés en petites tranches

1 & 1/2 cuillère à café

1 cuillère à café

finement haché

Mélanger la crème avec le fromage, la mozzarella, le parmesan et l'emmental dans un bol. Ajouter le mélange frit et assaisonner avec du sel, du poivre et du paprika. Mélanger avec une cuillère en bois.

Essuyez la poêle et faites-la chauffer jusqu'à ce qu'elle soit chaude. Ajoutez un bâton et étalez 2-3 cuillères à soupe du mélange sur la moitié de celui-ci. Replier la moitié vide sur la pleine, appuyer légèrement pour la refermer et cuire 2 minutes de chaque côté, jusqu'à ce qu'elle devienne croustillante et que le fromage commence à fondre.

Placer les cubes d'avocat dans un bol légèrement profond. Ecraser légèrement à la fourchette. Incorporer délicatement le reste des ingrédients en mélangeant le tout. Pressez le jus de citron vert, assaisonnez et servez immédiatement avec la quesadilla.

Protéines
